{"id":96,"date":"2024-05-04T22:31:58","date_gmt":"2024-05-04T22:31:58","guid":{"rendered":"http:\/\/www.floreriavoila.com\/index\/?post_type=product&#038;p=96"},"modified":"2026-02-11T04:05:49","modified_gmt":"2026-02-11T04:05:49","slug":"elegance","status":"publish","type":"product","link":"https:\/\/www.floreriavoila.com\/portada\/producto\/elegance\/","title":{"rendered":"\u00c9leganc\u00e9"},"content":{"rendered":"<p>Nuestro cl\u00e1sico m\u00e1s querido. Un delicado mix de flores cuidadosamente dise\u00f1ada por nuestros floristas y presentado en una sofisticada cartera palo rosa. Evoca la pureza del amor, la ternura y el buen gusto.<\/p>\n","protected":false},"excerpt":{"rendered":"<p>Nuestro cl\u00e1sico m\u00e1s querido. Un delicado mix de flores cuidadosamente dise\u00f1ada por nuestros floristas y presentado en una sofisticada cartera palo rosa. Evoca la pureza del amor, la ternura y el buen gusto.<\/p>\n","protected":false},"featured_media":1581,"template":"","meta":[],"product_brand":[],"product_cat":[19,13],"product_tag":[],"class_list":{"0":"post-96","1":"product","2":"type-product","3":"status-publish","4":"has-post-thumbnail","6":"product_cat-enamorados","7":"product_cat-dia-de-la-mama","9":"first","10":"instock","11":"shipping-taxable","12":"purchasable","13":"product-type-simple"},"_links":{"self":[{"href":"https:\/\/www.floreriavoila.com\/portada\/wp-json\/wp\/v2\/product\/96","targetHints":{"allow":["GET"]}}],"collection":[{"href":"https:\/\/www.floreriavoila.com\/portada\/wp-json\/wp\/v2\/product"}],"about":[{"href":"https:\/\/www.floreriavoila.com\/portada\/wp-json\/wp\/v2\/types\/product"}],"wp:featuredmedia":[{"embeddable":true,"href":"https:\/\/www.floreriavoila.com\/portada\/wp-json\/wp\/v2\/media\/1581"}],"wp:attachment":[{"href":"https:\/\/www.floreriavoila.com\/portada\/wp-json\/wp\/v2\/media?parent=96"}],"wp:term":[{"taxonomy":"product_brand","embeddable":true,"href":"https:\/\/www.floreriavoila.com\/portada\/wp-json\/wp\/v2\/product_brand?post=96"},{"taxonomy":"product_cat","embeddable":true,"href":"https:\/\/www.floreriavoila.com\/portada\/wp-json\/wp\/v2\/product_cat?post=96"},{"taxonomy":"product_tag","embeddable":true,"href":"https:\/\/www.floreriavoila.com\/portada\/wp-json\/wp\/v2\/product_tag?post=96"}],"curies":[{"name":"wp","href":"https:\/\/api.w.org\/{rel}","templated":true}]}}